098957 a prime number?
True
Is 194693698567 a prime number?
False
Is 2417388538 composite?
True
Is 339957467 prime?
True
Is 29893357409 prime?
False
Is 155679063 a composite number?
True
Is 435907799 prime?
False
Is 2309779699 a composite number?
False
Is 99326291 a composite number?
True
Is 43121357897 a composite number?
False
Is 12417236399 a prime number?
True
Is 9005487793 a prime number?
False
Is 66941779 prime?
True
Is 4673487317 a prime number?
False
Is 43346208134 composite?
True
Is 373937413 a prime number?
True
Is 40594171817 composite?
False
Is 9149189299 a composite number?
False
Is 19031301317 prime?
False
Is 157440818719 composite?
True
Is 433534567 a prime number?
False
Is 1819784921 prime?
True
Is 15260646101 composite?
True
Is 3270593419 prime?
True
Is 244805863 composite?
False
Is 424965124391 a prime number?
True
Is 217020173803 prime?
True
Is 2055708779 composite?
False
Is 7447256119 a prime number?
True
Is 33270001579 a prime number?
False
Is 1837968733 composite?
True
Is 555207943 prime?
True
Is 58154731 prime?
False
Is 36053533 prime?
True
Is 1197067247 composite?
True
Is 2763735047 composite?
True
Is 6358372915 prime?
False
Is 13967342867 prime?
False
Is 18167182949 prime?
True
Is 21835061 a composite number?
False
Is 18575463493 a composite number?
False
Is 142123637 prime?
True
Is 12943499677 composite?
True
Is 28073855123 a composite number?
False
Is 1736156837 composite?
False
Is 1636492241 a composite number?
True
Is 4173953657 a prime number?
False
Is 3086224393 a composite number?
True
Is 976418507 prime?
False
Is 7688436551 composite?
False
Is 77578272359 prime?
False
Is 9135391807 composite?
False
Is 230849149 a composite number?
False
Is 834532627 a prime number?
False
Is 1644230537 prime?
True
Is 11767977653 prime?
False
Is 28954515803 a composite number?
False
Is 8565212517 a composite number?
True
Is 8302203083 a composite number?
True
Is 5496034003 a prime number?
True
Is 2220882407 a prime number?
True
Is 6652662733 a prime number?
True
Is 3970277071 composite?
False
Is 3264841427 a prime number?
False
Is 43642379551 a prime number?
True
Is 2032300943 composite?
False
Is 71859251 prime?
True
Is 1916816119 a composite number?
False
Is 12122725939 composite?
False
Is 532557019 a prime number?
False
Is 65024948393 prime?
True
Is 12514709857 a prime number?
False
Is 41636431 prime?
False
Is 590533 prime?
False
Is 19764840901 prime?
False
Is 42538683247 composite?
True
Is 3878098039 composite?
False
Is 1403057231 composite?
False
Is 1779322979 composite?
True
Is 519574733 prime?
True
Is 3912996133 a composite number?
False
Is 12165018549 prime?
False
Is 2218944229 composite?
True
Is 7869610337 a prime number?
True
Is 413661013457 composite?
False
Is 3789444641 prime?
True
Is 2322743818 prime?
False
Is 508148359 prime?
False
Is 2910685363 composite?
True
Is 24859088791 a composite number?
False
Is 1663036057 prime?
False
Is 6619735979 composite?
True
Is 7405286705 a prime number?
False
Is 17906542387 prime?
False
Is 22290986327 prime?
True
Is 137827614451 a prime number?
True
Is 15943969519 prime?
False
Is 9241174223 a prime number?
False
Is 29503798151 composite?
False
Is 154621931 composite?
False
Is 1774596047 a composite number?
True
Is 7424980397 prime?
False
Is 77901730685 composite?
True
Is 236173153 composite?
True
Is 24650420881 composite?
True
Is 360236453 composite?
True
Is 2160644021 a prime number?
True
Is 10195521887 composite?
False
Is 170133466843 prime?
False
Is 4970963887 composite?
True
Is 754640129 composite?
True
Is 15407758991 prime?
True
Is 19820707 composite?
True
Is 1932796739 a prime number?
False
Is 18213069517 prime?
True
Is 9479582819 a prime number?
False
Is 1857817483 a prime number?
False
Is 260712191 a prime number?
False
Is 22645491619 prime?
True
Is 298904901 composite?
True
Is 103002926087 composite?
False
Is 450824813 composite?
True
Is 170256322693 a prime number?
True
Is 504679739 a composite number?
False
Is 2372476651 a composite number?
True
Is 17393934011 composite?
True
Is 181807177 composite?
True
Is 6183135577 a prime number?
True
Is 31380820517 a prime number?
True
Is 5928802651 a prime number?
True
Is 107369796877 a composite number?
True
Is 10615543781 a prime number?
True
Is 5286742157 composite?
True
Is 1487738795 composite?
True
Is 66996916379 a prime number?
True
Is 18609720685 composite?
True
Is 9358184387 a prime number?
False
Is 3721355749 a prime number?
True
Is 18777127043 composite?
True
Is 128910111103 composite?
True
Is 136882524013 a prime number?
True
Is 60914380049 prime?
True
Is 3772876031 a composite number?
False
Is 167133331 prime?
True
Is 16601266579 a composite number?
True
Is 32800748689 composite?
False
Is 1171649599 composite?
False
Is 870309701 a prime number?
True
Is 1909730861 a prime number?
True
Is 443969007 a composite number?
True
Is 1347154703 composite?
False
Is 21896602177 composite?
False
Is 60317531 a prime number?
True
Is 254470471 prime?
True
Is 6443500277 composite?
False
Is 1062590339 composite?
False
Is 3726995143 a prime number?
False
Is 5718293907 composite?
True
Is 2117507719 prime?
False
Is 590472383 a prime number?
True
Is 134555519947 a prime number?
False
Is 46461239719 composite?
True
Is 8311196863 composite?
False
Is 4562957501 a composite number?
True
Is 5926112021 a composite number?
False
Is 1073942171 a composite number?
False
Is 2506068449 composite?
True
Is 62612614783 a composite number?
True
Is 46410719 a prime number?
True
Is 659957407 a composite number?
False
Is 932043227 composite?
True
Is 1218958043 prime?
True
Is 23250791 a composite number?
False
Is 6063793949 prime?
True
Is 784060843 a prime number?
True
Is 39179573 a prime number?
True
Is 492306013 prime?
True
Is 9902352689 a prime number?
False
Is 3100809683 composite?
False
Is 1302937547 prime?
True
Is 39874486793 composite?
False
Is 14777547193 a composite number?
True
Is 1118689073 composite?
True
Is 41673673 prime?
True
Is 135356086771 a composite number?
False
Is 4540252289 prime?
True
Is 604694257 a composite number?
False
Is 10532200261 prime?
False
Is 6711333259 a composite number?
True
Is 5084218753 a prime number?
False
Is 8007593233 prime?
False
Is 1941899657 prime?
True
Is 970759159 prime?
True
Is 7575785389 composite?
True
Is 361217193 composite?
True
Is 2148886163 a prime number?
False
Is 35248452563 composite?
False
Is 43798311511 a composite number?
False
Is 20953576291 prime?
False
Is 1894695133 a composite number?
True
Is 3251757143 a prime number?
True
Is 30498834283 composite?
True
Is 10309590457 prime?
True
Is 505887379 prime?
False
Is 17983466839 a prime number?
False
Is 11701146967 a prime number?
False
Is 3582689779 a prime number?
True
Is 717440369 a prime number?
False
Is 22842646571 prime?
True
Is 213239009 prime?
False
Is 3120254281 a prime number?
True
Is 141612883 prime?
False
Is 46956042583 a composite number?
True
Is 10641239447 prime?
False
Is 8572461202 a composite number?
True
Is 33464859323 composite?
True
Is 4976683367 a composite number?
False
Is 4256263127 a composite number?
True
Is 581426243 composite?
True
Is 4089440693 a prime number?
False
Is 1006622557 a composite number?
False
Is 154003738003 a prime number?
True
Is 975752171 a prime number?
True
Is 1002033197 a composite number?
True
Is 5062866229 a composite number?
False
Is 10078511251 a composite number?
True
Is 602834783 a prime number?
True
Is 1302302821 composite?
False
Is 10311570097 a composite number?
True
Is 7842183259 a composite number?
False
Is 13892483833 prime?
True
Is 2514173029 a prime number?
True
Is 712074073 a prime number?
True
Is 734381633 a prime number?
True
Is 287238719 prime?
True
Is 1023256405 composite?
True
Is 5308070687 composite?
True
Is 52086344143 a prime number?
True
Is 11135669911 composite?
False
Is 6742312807 prime?
False
Is 27491621317 prime?
True
Is 36089663 composite?
False
Is 46668557 a composite number?
True
Is 253913789 prime?
True
Is 150898757 composite?
True
Is 1425120509 prime?
False
Is 3606719 a prime number?
True
Is 6814597177 composite?
True
Is 6858899623 a composite number?
True
Is 4834159193 composite?
True
Is 34193167 a prime number?
True
Is 11261963473 a prime number?
True
Is 2768349511 prime